{"id":950,"date":"2016-07-15T14:19:20","date_gmt":"2016-07-15T12:19:20","guid":{"rendered":"http:\/\/test.kriesi.at\/enfold-medical\/?page_id=950"},"modified":"2024-09-16T14:12:28","modified_gmt":"2024-09-16T12:12:28","slug":"dr-med-susann-nettlau","status":"publish","type":"page","link":"https:\/\/hno-halle-nettlau.de\/index.php\/dr-med-susann-nettlau\/","title":{"rendered":"Dr. med. Susann Nettlau"},"content":{"rendered":"<div id='full_slider_1'  class='avia-fullwidth-slider main_color avia-shadow   avia-builder-el-0  el_before_av_section  avia-builder-el-first   container_wrap fullsize'  >\n<style type=\"text\/css\" data-created_by=\"avia_inline_auto\" id=\"style-css-av-kgtdet2d-bb804830ac46d2679eef66d1fb8ed0be\">\n@keyframes av_slideshow_img_scale_av-kgtdet2d-bb804830ac46d2679eef66d1fb8ed0be {\n   0% { transform: scale(1); opacity: 1; }\n 100% { transform: scale(1.07); opacity: 1; }\n}\n.avia-slideshow.av-kgtdet2d-bb804830ac46d2679eef66d1fb8ed0be .avia-slideshow-slide.next-active-slide img{\nanimation:av_slideshow_img_scale_av-kgtdet2d-bb804830ac46d2679eef66d1fb8ed0be 3s 1 ease-in-out;\ntransform:scale(1.07);\nopacity:1;\n}\n<\/style>\n<div  class='avia-slideshow av-kgtdet2d-bb804830ac46d2679eef66d1fb8ed0be avia-slideshow-no scaling av_slideshow_full avia-slide-slider av-slideshow-ui av-control-default av-slideshow-manual av-loop-once av-loop-manual-endless av-default-height-applied   avia-slideshow-1' data-slideshow-options=\"{&quot;animation&quot;:&quot;slide&quot;,&quot;autoplay&quot;:false,&quot;loop_autoplay&quot;:&quot;once&quot;,&quot;interval&quot;:5,&quot;loop_manual&quot;:&quot;manual-endless&quot;,&quot;autoplay_stopper&quot;:false,&quot;noNavigation&quot;:false,&quot;bg_slider&quot;:false,&quot;keep_padding&quot;:false,&quot;hoverpause&quot;:false,&quot;show_slide_delay&quot;:0}\"  itemprop=\"image\" itemscope=\"itemscope\" itemtype=\"https:\/\/schema.org\/ImageObject\" ><ul class='avia-slideshow-inner ' style='padding-bottom: 37.333333333333%;'><li  class='avia-slideshow-slide av-kgtdet2d-bb804830ac46d2679eef66d1fb8ed0be__0  av-single-slide slide-1 slide-odd'><div data-rel='slideshow-1' class='avia-slide-wrap '   ><img decoding=\"async\" fetchpriority=\"high\" class=\"wp-image-245 avia-img-lazy-loading-not-245\"  src=\"https:\/\/hno-halle-nettlau.de\/wp-content\/uploads\/2020\/10\/praxis-nettlau.jpg\" width=\"975\" height=\"364\" title='praxis-nettlau' alt=''  itemprop=\"thumbnailUrl\"  style='min-height:300px; min-width:804px; ' srcset=\"https:\/\/hno-halle-nettlau.de\/wp-content\/uploads\/2020\/10\/praxis-nettlau.jpg 975w, https:\/\/hno-halle-nettlau.de\/wp-content\/uploads\/2020\/10\/praxis-nettlau-300x112.jpg 300w, https:\/\/hno-halle-nettlau.de\/wp-content\/uploads\/2020\/10\/praxis-nettlau-768x287.jpg 768w, https:\/\/hno-halle-nettlau.de\/wp-content\/uploads\/2020\/10\/praxis-nettlau-705x263.jpg 705w\" sizes=\"(max-width: 975px) 100vw, 975px\" \/><\/div><\/li><\/ul><\/div><\/div>\n<div id='av_section_1'  class='avia-section av-3rjirq-293c344c3f6579a38575d91d494b5f59 main_color avia-section-large avia-no-border-styling  avia-builder-el-1  el_after_av_slideshow_full  avia-builder-el-last  avia-bg-style-scroll container_wrap fullsize'  ><div class='container av-section-cont-open' ><div class='template-page content  av-content-full alpha units'><div class='post-entry post-entry-type-page post-entry-950'><div class='entry-content-wrapper clearfix'>\n\n<style type=\"text\/css\" data-created_by=\"avia_inline_auto\" id=\"style-css-av-kgtdlmpp-e86a6c3817cc50ff1f7c0b9ff90832f8\">\n#top .av-special-heading.av-kgtdlmpp-e86a6c3817cc50ff1f7c0b9ff90832f8{\npadding-bottom:10px;\n}\nbody .av-special-heading.av-kgtdlmpp-e86a6c3817cc50ff1f7c0b9ff90832f8 .av-special-heading-tag .heading-char{\nfont-size:25px;\n}\n.av-special-heading.av-kgtdlmpp-e86a6c3817cc50ff1f7c0b9ff90832f8 .av-subheading{\nfont-size:15px;\ncolor:#4f4f4f;\n}\n<\/style>\n<div  class='av-special-heading av-kgtdlmpp-e86a6c3817cc50ff1f7c0b9ff90832f8 av-special-heading-h1 custom-color-heading blockquote modern-quote  avia-builder-el-2  el_before_av_textblock  avia-builder-el-first '><div class='av-subheading av-subheading_above'><p>Dr. med.<\/p>\n<\/div><h1 class='av-special-heading-tag '  itemprop=\"headline\"  >Susann Nettlau <\/h1><div class=\"special-heading-border\"><div class=\"special-heading-inner-border\"><\/div><\/div><\/div>\n<section  class='av_textblock_section av-m14yt5oj-7737c8c63fb3455068af33e611886536 '   itemscope=\"itemscope\" itemtype=\"https:\/\/schema.org\/CreativeWork\" ><div class='avia_textblock'  itemprop=\"text\" ><p>Fach\u00e4rztin f\u00fcr Hals-Nasen-Ohren-Heilkunde Allergologie und Akupunktur Audiologie und Neurootologie (BV HNO)<\/p>\n<\/div><\/section>\n\n<style type=\"text\/css\" data-created_by=\"avia_inline_auto\" id=\"style-css-av-kgtdk4xp-199b0d031b0fe45906a79142de332351\">\n#top .hr.av-kgtdk4xp-199b0d031b0fe45906a79142de332351{\nmargin-top:30px;\nmargin-bottom:60px;\n}\n.hr.av-kgtdk4xp-199b0d031b0fe45906a79142de332351 .hr-inner{\nwidth:50px;\n}\n<\/style>\n<div  class='hr av-kgtdk4xp-199b0d031b0fe45906a79142de332351 hr-custom  avia-builder-el-4  el_after_av_textblock  el_before_av_one_half  hr-left hr-icon-no'><span class='hr-inner inner-border-av-border-none'><span class=\"hr-inner-style\"><\/span><\/span><\/div>\n\n<style type=\"text\/css\" data-created_by=\"avia_inline_auto\" id=\"style-css-av-3l4xue-c4d9e62ff21eab10314c6f3d98be9cb0\">\n.flex_column.av-3l4xue-c4d9e62ff21eab10314c6f3d98be9cb0{\nborder-radius:0px 0px 0px 0px;\npadding:0px 0px 0px 0px;\n}\n<\/style>\n<div  class='flex_column av-3l4xue-c4d9e62ff21eab10314c6f3d98be9cb0 av_one_half  avia-builder-el-5  el_after_av_hr  el_before_av_one_half  first flex_column_div av-animated-generic bottom-to-top av-zero-column-padding  '     ><section  class='av_textblock_section av-39prdi-fdc9e42c10c2e56fe9a165fc9514bbad '   itemscope=\"itemscope\" itemtype=\"https:\/\/schema.org\/CreativeWork\" ><div class='avia_textblock'  itemprop=\"text\" ><ul>\n<li>Studium der Humanmedizin an der Martin-Luther-Universit\u00e4t Halle-Wittenberg<\/li>\n<li>1990 Approbation in Halle\/Saale<\/li>\n<li>1992 Promotion an der Martin-Luther-Universit\u00e4t Halle-Wittenberg<\/li>\n<li>seit 1996 Akupunktur\u00e4rztin und Aurikulotherapeutin mit Diplomabschluss der Deutschen Akademie f\u00fcr Akupunktur und Aurikulo-Medizin e.V. und der Europ\u00e4ischen Akademie f\u00fcr Akupunktur (E.A.A.)<\/li>\n<li>1997 Anerkennung des Facharztes f\u00fcr Hals-Nasen-Ohren-Heilkunde<\/li>\n<\/ul>\n<\/div><\/section><\/div>\n<style type=\"text\/css\" data-created_by=\"avia_inline_auto\" id=\"style-css-av-34dlxq-635ea5f62fd025efe481b1b554e3170c\">\n.flex_column.av-34dlxq-635ea5f62fd025efe481b1b554e3170c{\nborder-radius:0px 0px 0px 0px;\npadding:0px 0px 0px 0px;\n}\n<\/style>\n<div  class='flex_column av-34dlxq-635ea5f62fd025efe481b1b554e3170c av_one_half  avia-builder-el-7  el_after_av_one_half  avia-builder-el-last  flex_column_div av-animated-generic bottom-to-top av-zero-column-padding  '     ><section  class='av_textblock_section av-2rsahq-be35091e6f70c62046b77efd60980c24 '   itemscope=\"itemscope\" itemtype=\"https:\/\/schema.org\/CreativeWork\" ><div class='avia_textblock'  itemprop=\"text\" ><ul>\n<li>2001 Zusatzbezeichnung Allergologie (\u00c4rztekammer Sachsen-Anhalt)<\/li>\n<li>2006 Zusatzbezeichnung Akupunktur (\u00c4rztekammer Sachsen-Anhalt)<\/li>\n<li>2010 \u00c4rztliche Qualifikation zum Audiologen und Neurootologen (BV HNO)<\/li>\n<li>2011 \u201eBUB-Kurs\u201c zur Diagnostik und Therapie schlafbezogener Atmungsst\u00f6rungen mittels Polygraphie<\/li>\n<\/ul>\n<\/div><\/section><\/div>\n","protected":false},"excerpt":{"rendered":"","protected":false},"author":1,"featured_media":0,"parent":0,"menu_order":0,"comment_status":"closed","ping_status":"closed","template":"","meta":{"footnotes":""},"class_list":["post-950","page","type-page","status-publish","hentry"],"yoast_head":"<!-- This site is optimized with the Yoast SEO plugin v27.2 - https:\/\/yoast.com\/product\/yoast-seo-wordpress\/ -->\n<title>Dr. med. Susann Nettlau - hno-halle-nettlau.de<\/title>\n<meta name=\"robots\" content=\"index, follow, max-snippet:-1, max-image-preview:large, max-video-preview:-1\" \/>\n<link rel=\"canonical\" href=\"https:\/\/hno-halle-nettlau.de\/index.php\/dr-med-susann-nettlau\/\" \/>\n<meta property=\"og:locale\" content=\"de_DE\" \/>\n<meta property=\"og:type\" content=\"article\" \/>\n<meta property=\"og:title\" content=\"Dr. med. Susann Nettlau - hno-halle-nettlau.de\" \/>\n<meta property=\"og:url\" content=\"https:\/\/hno-halle-nettlau.de\/index.php\/dr-med-susann-nettlau\/\" \/>\n<meta property=\"og:site_name\" content=\"hno-halle-nettlau.de\" \/>\n<meta property=\"article:modified_time\" content=\"2024-09-16T12:12:28+00:00\" \/>\n<meta name=\"twitter:card\" content=\"summary_large_image\" \/>\n<meta name=\"twitter:label1\" content=\"Gesch\u00e4tzte Lesezeit\" \/>\n\t<meta name=\"twitter:data1\" content=\"1\u00a0Minute\" \/>\n<script type=\"application\/ld+json\" class=\"yoast-schema-graph\">{\"@context\":\"https:\/\/schema.org\",\"@graph\":[{\"@type\":\"WebPage\",\"@id\":\"https:\/\/hno-halle-nettlau.de\/index.php\/dr-med-susann-nettlau\/\",\"url\":\"https:\/\/hno-halle-nettlau.de\/index.php\/dr-med-susann-nettlau\/\",\"name\":\"Dr. med. Susann Nettlau - hno-halle-nettlau.de\",\"isPartOf\":{\"@id\":\"https:\/\/hno-halle-nettlau.de\/#website\"},\"datePublished\":\"2016-07-15T12:19:20+00:00\",\"dateModified\":\"2024-09-16T12:12:28+00:00\",\"breadcrumb\":{\"@id\":\"https:\/\/hno-halle-nettlau.de\/index.php\/dr-med-susann-nettlau\/#breadcrumb\"},\"inLanguage\":\"de\",\"potentialAction\":[{\"@type\":\"ReadAction\",\"target\":[\"https:\/\/hno-halle-nettlau.de\/index.php\/dr-med-susann-nettlau\/\"]}]},{\"@type\":\"BreadcrumbList\",\"@id\":\"https:\/\/hno-halle-nettlau.de\/index.php\/dr-med-susann-nettlau\/#breadcrumb\",\"itemListElement\":[{\"@type\":\"ListItem\",\"position\":1,\"name\":\"Home\",\"item\":\"https:\/\/hno-halle-nettlau.de\/index.php\/hno-halle\/\"},{\"@type\":\"ListItem\",\"position\":2,\"name\":\"Dr. med. Susann Nettlau\"}]},{\"@type\":\"WebSite\",\"@id\":\"https:\/\/hno-halle-nettlau.de\/#website\",\"url\":\"https:\/\/hno-halle-nettlau.de\/\",\"name\":\"hno-halle-nettlau.de\",\"description\":\"HNO-Praxis Dr. med. Susann Nettlau\",\"publisher\":{\"@id\":\"https:\/\/hno-halle-nettlau.de\/#organization\"},\"potentialAction\":[{\"@type\":\"SearchAction\",\"target\":{\"@type\":\"EntryPoint\",\"urlTemplate\":\"https:\/\/hno-halle-nettlau.de\/?s={search_term_string}\"},\"query-input\":{\"@type\":\"PropertyValueSpecification\",\"valueRequired\":true,\"valueName\":\"search_term_string\"}}],\"inLanguage\":\"de\"},{\"@type\":\"Organization\",\"@id\":\"https:\/\/hno-halle-nettlau.de\/#organization\",\"name\":\"HNO-Praxis Dr. med. Susann Nettlau\",\"url\":\"https:\/\/hno-halle-nettlau.de\/\",\"logo\":{\"@type\":\"ImageObject\",\"inLanguage\":\"de\",\"@id\":\"https:\/\/hno-halle-nettlau.de\/#\/schema\/logo\/image\/\",\"url\":\"https:\/\/hno-halle-nettlau.de\/wp-content\/uploads\/2020\/11\/fav-hno-nettlau-final.png\",\"contentUrl\":\"https:\/\/hno-halle-nettlau.de\/wp-content\/uploads\/2020\/11\/fav-hno-nettlau-final.png\",\"width\":512,\"height\":512,\"caption\":\"HNO-Praxis Dr. med. Susann Nettlau\"},\"image\":{\"@id\":\"https:\/\/hno-halle-nettlau.de\/#\/schema\/logo\/image\/\"}}]}<\/script>\n<!-- \/ Yoast SEO plugin. -->","yoast_head_json":{"title":"Dr. med. Susann Nettlau - hno-halle-nettlau.de","robots":{"index":"index","follow":"follow","max-snippet":"max-snippet:-1","max-image-preview":"max-image-preview:large","max-video-preview":"max-video-preview:-1"},"canonical":"https:\/\/hno-halle-nettlau.de\/index.php\/dr-med-susann-nettlau\/","og_locale":"de_DE","og_type":"article","og_title":"Dr. med. Susann Nettlau - hno-halle-nettlau.de","og_url":"https:\/\/hno-halle-nettlau.de\/index.php\/dr-med-susann-nettlau\/","og_site_name":"hno-halle-nettlau.de","article_modified_time":"2024-09-16T12:12:28+00:00","twitter_card":"summary_large_image","twitter_misc":{"Gesch\u00e4tzte Lesezeit":"1\u00a0Minute"},"schema":{"@context":"https:\/\/schema.org","@graph":[{"@type":"WebPage","@id":"https:\/\/hno-halle-nettlau.de\/index.php\/dr-med-susann-nettlau\/","url":"https:\/\/hno-halle-nettlau.de\/index.php\/dr-med-susann-nettlau\/","name":"Dr. med. Susann Nettlau - hno-halle-nettlau.de","isPartOf":{"@id":"https:\/\/hno-halle-nettlau.de\/#website"},"datePublished":"2016-07-15T12:19:20+00:00","dateModified":"2024-09-16T12:12:28+00:00","breadcrumb":{"@id":"https:\/\/hno-halle-nettlau.de\/index.php\/dr-med-susann-nettlau\/#breadcrumb"},"inLanguage":"de","potentialAction":[{"@type":"ReadAction","target":["https:\/\/hno-halle-nettlau.de\/index.php\/dr-med-susann-nettlau\/"]}]},{"@type":"BreadcrumbList","@id":"https:\/\/hno-halle-nettlau.de\/index.php\/dr-med-susann-nettlau\/#breadcrumb","itemListElement":[{"@type":"ListItem","position":1,"name":"Home","item":"https:\/\/hno-halle-nettlau.de\/index.php\/hno-halle\/"},{"@type":"ListItem","position":2,"name":"Dr. med. Susann Nettlau"}]},{"@type":"WebSite","@id":"https:\/\/hno-halle-nettlau.de\/#website","url":"https:\/\/hno-halle-nettlau.de\/","name":"hno-halle-nettlau.de","description":"HNO-Praxis Dr. med. Susann Nettlau","publisher":{"@id":"https:\/\/hno-halle-nettlau.de\/#organization"},"potentialAction":[{"@type":"SearchAction","target":{"@type":"EntryPoint","urlTemplate":"https:\/\/hno-halle-nettlau.de\/?s={search_term_string}"},"query-input":{"@type":"PropertyValueSpecification","valueRequired":true,"valueName":"search_term_string"}}],"inLanguage":"de"},{"@type":"Organization","@id":"https:\/\/hno-halle-nettlau.de\/#organization","name":"HNO-Praxis Dr. med. Susann Nettlau","url":"https:\/\/hno-halle-nettlau.de\/","logo":{"@type":"ImageObject","inLanguage":"de","@id":"https:\/\/hno-halle-nettlau.de\/#\/schema\/logo\/image\/","url":"https:\/\/hno-halle-nettlau.de\/wp-content\/uploads\/2020\/11\/fav-hno-nettlau-final.png","contentUrl":"https:\/\/hno-halle-nettlau.de\/wp-content\/uploads\/2020\/11\/fav-hno-nettlau-final.png","width":512,"height":512,"caption":"HNO-Praxis Dr. med. Susann Nettlau"},"image":{"@id":"https:\/\/hno-halle-nettlau.de\/#\/schema\/logo\/image\/"}}]}},"_links":{"self":[{"href":"https:\/\/hno-halle-nettlau.de\/index.php\/wp-json\/wp\/v2\/pages\/950","targetHints":{"allow":["GET"]}}],"collection":[{"href":"https:\/\/hno-halle-nettlau.de\/index.php\/wp-json\/wp\/v2\/pages"}],"about":[{"href":"https:\/\/hno-halle-nettlau.de\/index.php\/wp-json\/wp\/v2\/types\/page"}],"author":[{"embeddable":true,"href":"https:\/\/hno-halle-nettlau.de\/index.php\/wp-json\/wp\/v2\/users\/1"}],"replies":[{"embeddable":true,"href":"https:\/\/hno-halle-nettlau.de\/index.php\/wp-json\/wp\/v2\/comments?post=950"}],"version-history":[{"count":17,"href":"https:\/\/hno-halle-nettlau.de\/index.php\/wp-json\/wp\/v2\/pages\/950\/revisions"}],"predecessor-version":[{"id":1846,"href":"https:\/\/hno-halle-nettlau.de\/index.php\/wp-json\/wp\/v2\/pages\/950\/revisions\/1846"}],"wp:attachment":[{"href":"https:\/\/hno-halle-nettlau.de\/index.php\/wp-json\/wp\/v2\/media?parent=950"}],"curies":[{"name":"wp","href":"https:\/\/api.w.org\/{rel}","templated":true}]}}